ions digit of 469389659?
4
What is the ten thousands digit of 43379052?
7
What is the units digit of 7405695?
5
What is the hundred millions digit of 241613147?
2
What is the hundreds digit of 81079072?
0
What is the tens digit of 49913992?
9
What is the thousands digit of 555532376?
2
What is the hundred millions digit of 486031495?
4
What is the hundred thousands digit of 112327111?
3
What is the hundred thousands digit of 179799542?
7
What is the hundreds digit of 137847606?
6
What is the ten millions digit of 2483233094?
8
What is the tens digit of 2163855590?
9
What is the hundreds digit of 20362631?
6
What is the hundred thousands digit of 77951484?
9
What is the tens digit of 85044105?
0
What is the hundred millions digit of 218362358?
2
What is the hundreds digit of 589109377?
3
What is the hundred thousands digit of 3087924101?
9
What is the ten thousands digit of 25578524?
7
What is the ten thousands digit of 163329053?
2
What is the units digit of 1791182020?
0
What is the thousands digit of 667513636?
3
What is the ten thousands digit of 152125601?
2
What is the thousands digit of 113556478?
6
What is the ten millions digit of 622353289?
2
What is the billions digit of 3327737035?
3
What is the ten millions digit of 63653024?
6
What is the ten millions digit of 173649576?
7
What is the ten thousands digit of 53394146?
9
What is the millions digit of 501298742?
1
What is the hundreds digit of 44435206?
2
What is the hundred thousands digit of 4735251508?
2
What is the millions digit of 2643171747?
3
What is the units digit of 33740640?
0
What is the hundred thousands digit of 646088682?
0
What is the tens digit of 256779786?
8
What is the thousands digit of 4054372185?
2
What is the tens digit of 4867521518?
1
What is the hundreds digit of 409806698?
6
What is the tens digit of 983737507?
0
What is the hundreds digit of 509207469?
4
What is the thousands digit of 528713721?
3
What is the thousands digit of 1790113170?
3
What is the thousands digit of 189707819?
7
What is the thousands digit of 60121216?
1
What is the ten millions digit of 137230532?
3
What is the millions digit of 28407931?
8
What is the hundreds digit of 67160148?
1
What is the units digit of 383640402?
2
What is the billions digit of 1473915092?
1
What is the units digit of 50516621?
1
What is the hundred thousands digit of 467464792?
4
What is the hundred thousands digit of 7073856?
0
What is the hundred thousands digit of 1114531896?
5
What is the units digit of 71181374?
4
What is the units digit of 274513945?
5
What is the millions digit of 193378989?
3
What is the thousands digit of 25468350?
8
What is the ten millions digit of 96382369?
9
What is the thousands digit of 204019478?
9
What is the millions digit of 24383598?
4
What is the hundred thousands digit of 66111264?
1
What is the ten thousands digit of 89202320?
0
What is the thousands digit of 452242086?
2
What is the thousands digit of 198896439?
6
What is the hundred thousands digit of 1402232428?
2
What is the thousands digit of 26344342?
4
What is the ten millions digit of 100601415?
0
What is the hundred thousands digit of 662228675?
2
What is the hundred millions digit of 300377422?
3
What is the units digit of 134637390?
0
What is the hundreds digit of 11767761?
7
What is the units digit of 4947666011?
1
What is the thousands digit of 79997615?
7
What is the ten thousands digit of 65877579?
7
What is the thousands digit of 74197967?
7
What is the millions digit of 77972354?
7
What is the hundred thousands digit of 3652712007?
7
What is the millions digit of 19985410?
9
What is the hundred thousands digit of 77938391?
9
What is the ten millions digit of 92587164?
9
What is the tens digit of 962292241?
4
What is the ten millions digit of 29657227?
2
What is the ten thousands digit of 9516047?
1
What is the hundreds digit of 47874131?
1
What is the millions digit of 378673251?
8
What is the units digit of 877422285?
5
What is the hundred thousands digit of 37011563?
0
What is the ten thousands digit of 1707389611?
8
What is the millions digit of 1456723674?
6
What is the hundred thousands digit of 258735641?
7
What is the ten thousands digit of 421673682?
7
What is the hundred millions digit of 772189920?
7
What is the thousands digit of 26108097?
8
What is the hundreds digit of 385357830?
8
What is the hundreds digit of 209917024?
0
What is the millions digit of 249096821?
9
What is the billions digit of 1947279114?
1
What is the millions digit of 1891049110?
1
What is the ten millions digit of 2598712886?
9
What is the thousands digit of 2650905329?
5
What is the units digit of 278387616?
6
What is the hundred millions digit of 3643685262?
6
What is the units digit of 73142980?
0
What is the hundreds digit of 168247924?
9
What is the millions digit of 246775247?
6
What is the units digit of 239963879?
9
What is the ten thousands digit of 3090927071?
2
What is the ten millions digit of 46749496?
4
What is the tens digit of 258327706?
0
What is the millions digit of 131287933?
1
What is the hundreds digit of 375254161?
1
What is the thousands digit of 968344564?
4
What is the ten millions digit of 25725219?
2
What is the tens digit of 144819915?
1
What is the millions digit of 928856712?
8
What is the ten thousands digit of 5126559?
2
What is the ten thousands digit of 1725262462?
6
What is the units digit of 267685484?
4
What is the ten millions digit of 219431619?
1
What is the hundred thousands digit of 193973777?
9
What is the units digit of 183288931?
1
What is the millions digit of 948907045?
8
What is the ten thousands digit of 92075177?
7
What is the ten millions digit of 254408185?
5
What is the ten thousands digit of 508164758?
6
What is the hundred thousands digit of 41637219?
6
What is the ten millions digit of 1754161447?
5
What is the units digit of 2490310238?
8
What is the hundred thousands digit of 62812524?
8
What is the hundred millions digit of 101603068?
1
What is the units digit of 50519325?
5
What is the tens digit of 53399063?
6
What is the ten millions digit of 2053036294?
5
What is the millions digit of 7270174?
7
What is the ten thousands digit of 90880878?
8
What is the thousands digit of 1169931135?
1
What is the hundreds digit of 241215912?
9
What is the units digit of 76958009?
9
What is the thousands digit of 60824788?
4
What is the hundred thousands digit of 77682557?
6
What is the thousands digit of 61873560?
3
What is the ten millions digit of 118525876?
1
What is the millions digit of 5827117124?
7
What is the hundred thousands digit of 3546845245?
8
What is the units digit of 412783885?
5
What is the ten millions digit of 12434464?
1
What is the ten thousands digit of 2975315098?
1
What is the tens digit of 416635551?
5
What is the hundred thousands digit of 2003299674?
2
What is the ten thousands digit of 96788726?
8
What is the tens digit of 200501259?
5
What is the units digit of 224629664?
4
What is the millions digit of 598185384?
8
What is the tens digit of 174799032?
3
What is the units digit of 1386971534?
4
What is the tens digit of 3680825926?
2
What is the ten millions digit of 548531456?
4
What is the thousands digit of 105485561?
5
What is the hundred thousands digit of 15207225?
2
What is the hundred millions digit of 1910720487?
9
What is the hundred millions digit of 415517998?
4
What is the hundreds digit of 3112990679?
6
What is the thousands digit of 249267958?
7
What is the millions digit of 125133639?
5
What is the ten millions digit of 928803323?
2
What is the tens digit of 191141552?
5
What is the units digit of 988951967?
7
What is the hundreds digit of 3378886202?
2
What is the thousands digit of 294360031?
0
What is the hundred thousands digit of 346189962?
1
What is the hundreds digit of 470980879?
8
What is the units digit of 370503897?
7
What is the units digit of 136158577?
7
What is the millions digit of 2257307455?
7
What is the ten millions digit of 37294441?
3
What is the ten millions digit of 3311762314?
1
What is the hundred thousands digit of 217136218?
1
What is the millions digit of 1322666084?
2
What is the millions digit of 584587164?
4
What is the tens digit of 2236605566?
6
What is the billions digit of 1703972080?